ime factors of 4097717.
13, 383, 823
What are the prime factors of 646951?
523, 1237
What are the prime factors of 20767?
19, 1093
What are the prime factors of 63961?
167, 383
What are the prime factors of 144796?
2, 53, 683
What are the prime factors of 710791?
710791
What are the prime factors of 251241?
3, 83, 1009
List the prime factors of 2316192.
2, 3, 23, 1049
List the prime factors of 2095222.
2, 313, 3347
What are the prime factors of 1619265?
3, 5, 107951
What are the prime factors of 4682703?
3, 1560901
List the prime factors of 309976.
2, 38747
List the prime factors of 853346.
2, 13, 23, 1427
What are the prime factors of 4281962?
2, 149, 14369
List the prime factors of 4283722.
2, 211, 10151
What are the prime factors of 2488064?
2, 9719
What are the prime factors of 1704871?
7, 243553
List the prime factors of 5370103.
19, 109, 2593
List the prime factors of 19358.
2, 9679
List the prime factors of 2119593.
3, 7, 14419
List the prime factors of 6001368.
2, 3, 250057
List the prime factors of 977841.
3, 108649
List the prime factors of 9107978.
2, 11, 101, 4099
List the prime factors of 33447538.
2, 191, 87559
What are the prime factors of 9828096?
2, 3, 67, 191
What are the prime factors of 439039?
127, 3457
List the prime factors of 7818990.
2, 3, 5, 263, 991
List the prime factors of 475876.
2, 271, 439
List the prime factors of 493539.
3, 164513
What are the prime factors of 121288?
2, 15161
List the prime factors of 761315.
5, 43, 3541
What are the prime factors of 64545?
3, 5, 13, 331
List the prime factors of 940626.
2, 3, 17419
List the prime factors of 2287218.
2, 3, 103, 3701
List the prime factors of 106112.
2, 829
List the prime factors of 962697.
3, 320899
List the prime factors of 41445.
3, 5, 307
List the prime factors of 8309026.
2, 11, 23, 16421
List the prime factors of 632615.
5, 23, 5501
List the prime factors of 288565.
5, 57713
List the prime factors of 11740505.
5, 7, 29, 43, 269
List the prime factors of 218288.
2, 7, 1949
List the prime factors of 746157.
3, 248719
What are the prime factors of 4550051?
11, 61, 6781
List the prime factors of 293406.
2, 3, 79, 619
List the prime factors of 16152039.
3, 1794671
List the prime factors of 291684.
2, 3, 109, 223
List the prime factors of 2465254.
2, 11, 61, 167
List the prime factors of 22639270.
2, 5, 2263927
List the prime factors of 1757520.
2, 3, 5, 2441
What are the prime factors of 1731347?
67, 25841
List the prime factors of 16733.
29, 577
List the prime factors of 79551.
3, 8839
List the prime factors of 357172.
2, 89293
List the prime factors of 120016.
2, 13, 577
List the prime factors of 17894457.
3, 7, 40577
List the prime factors of 9867272.
2, 1233409
What are the prime factors of 105858?
2, 3, 5881
What are the prime factors of 28837?
28837
List the prime factors of 963429.
3, 321143
List the prime factors of 2914757.
659, 4423
What are the prime factors of 1181172?
2, 3, 257, 383
List the prime factors of 116408.
2, 14551
List the prime factors of 772682.
2, 211, 1831
What are the prime factors of 93662?
2, 46831
What are the prime factors of 157116?
2, 3, 13093
List the prime factors of 5626842.
2, 3, 13, 72139
What are the prime factors of 5556606?
2, 3, 11, 84191
What are the prime factors of 2686894?
2, 7, 31, 41, 151
What are the prime factors of 10039084?
2, 11, 151, 1511
What are the prime factors of 8681354?
2, 11, 101, 3907
List the prime factors of 475643.
7, 17, 571
What are the prime factors of 38716?
2, 9679
List the prime factors of 18894636.
2, 3, 157, 3343
What are the prime factors of 4619102?
2, 2309551
List the prime factors of 27473.
83, 331
List the prime factors of 8363278.
2, 7, 11, 4937
List the prime factors of 1804818.
2, 3, 233, 1291
What are the prime factors of 8960479?
11, 17, 47917
List the prime factors of 13096.
2, 1637
What are the prime factors of 2929979?
13, 225383
List the prime factors of 16033613.
53, 353, 857
What are the prime factors of 2778435?
3, 5, 11, 1871
List the prime factors of 4450936.
2, 7, 79481
What are the prime factors of 968581?
233, 4157
List the prime factors of 590385.
3, 5, 39359
What are the prime factors of 7381013?
149, 49537
List the prime factors of 271726.
2, 7, 13, 1493
List the prime factors of 3965761.
43, 92227
List the prime factors of 250935.
3, 5, 16729
List the prime factors of 15983245.
5, 3196649
List the prime factors of 764911.
7, 23, 4751
List the prime factors of 121119.
3, 47, 859
What are the prime factors of 1361725?
5, 54469
What are the prime factors of 356813?
17, 139, 151
List the prime factors of 627189.
3, 209063
What are the prime factors of 14099371?
11, 13, 98597
List the prime factors of 21561737.
21561737
What are the prime factors of 221005?
5, 44201
What are the prime factors of 26097?
3, 8699
What are the prime factors of 19186040?
2, 5, 227, 2113
What are the prime factors of 16705869?
3, 31, 179633
List the prime factors of 181723.
23, 7901
What are the prime factors of 42867026?
2, 101, 137, 1549
What are the prime factors of 5179222?
2, 2589611
List the prime factors of 1718630.
2, 5, 171863
List the prime factors of 4583200.
2, 5, 17, 337
What are the prime factors of 6401841?
3, 19, 31, 3623
List the prime factors of 431900.
2, 5, 7, 617
What are the prime factors of 516077?
516077
What are the prime factors of 7779206?
2, 97, 40099
What are the prime factors of 443354?
2, 221677
List the prime factors of 718030.
2, 5, 59, 1217
What are the prime factors of 2250585?
3, 5, 5557
List the prime factors of 363972.
2, 3, 7, 619
List the prime factors of 194332.
2, 19, 2557
List the prime factors of 6527324.
2, 97, 16823
What are the prime factors of 1820903?
7, 19, 13691
What are the prime factors of 197215?
5, 39443
List the prime factors of 5376721.
7, 197, 557
List the prime factors of 58233.
3, 7, 47, 59
What are the prime factors of 121131?
3, 43, 313
What are the prime factors of 758259?
3, 173, 487
What are the prime factors of 21543873?
3, 13, 163, 3389
List the prime factors of 444021.
3, 89, 1663
List the prime factors of 1513536.
2, 3, 7883
What are the prime factors of 1206338?
2, 7, 199, 433
List the prime factors of 1022444.
2, 443, 577
List the prime factors of 2800160.
2, 5, 11, 37, 43
What are the prime factors of 803777?
13, 17, 3637
What are the prime factors of 2927176?
2, 7, 167, 313
What are the prime factors of 72597?
3, 7, 3457
What are the prime factors of 1361963?
1361963
What are the prime factors of 239477?
7, 34211
List the prime factors of 16932544.
2, 17, 79, 197
What are the prime factors of 222116?
2, 55529
List the prime factors of 138700.
2, 5, 19, 73
List the prime factors of 1226104.
2, 11, 13933
What are the prime factors of 7294146?
2, 3, 41, 149, 199
What are the prime factors of 12954687?
3, 487, 8867
List the prime factors of 207354.
2, 3, 7, 4937
List the prime factors of 348119.
491, 709
List the prime factors of 28238.
2, 7, 2017
List the prime factors of 1049233.
293, 3581
List the prime factors of 606437.
13, 46649
List the prime factors of 23170777.
7, 103, 4591
List the prime factors of 5366603.
11, 487873
List the prime factors of 149756.
2, 29, 1291
List the prime factors of 30810.
2, 3, 5, 13, 79
What are the prime factors of 25716324?
2, 3, 2143027
What are the prime factors of 896854?
2, 7, 29, 47
List the prime factors of 6076796.
2, 11, 167, 827
What are the prime factors of 1749061?
1181, 1481
What are the prime factors of 78700?
2, 5, 787
What are the prime factors of 127357?
19, 6703
List the prime factors of 156494.
2, 13, 463
What are the prime factors of 292652?
2, 23, 3181
What are the prime factors of 384968?
2, 48121
What are the prime factors of 6422185?
5, 7, 11, 2383
List the prime factors of 3164256.
2, 3, 10987
List the prime factors of 970723.
13, 89, 839
List the prime factors of 108644.
2, 157, 173
What are the prime factors of 532588?
2, 7, 23, 827
What are the prime factors of 5859702?
2, 3, 4019
What are the prime factors of 399057?
3, 19, 7001
What are the prime factors of 1947180?
2, 3, 5, 17, 23, 83
What are the prime factors of 120657?
3, 37, 1087
What are the prime factors of 6315967?
7, 902281
What are the prime factors of 2321993?
31, 74903
What are the prime